{"id":481,"date":"2024-10-22T17:24:44","date_gmt":"2024-10-22T20:24:44","guid":{"rendered":"https:\/\/webmg.com.br\/editora\/?post_type=product&#038;p=481"},"modified":"2025-05-19T19:32:01","modified_gmt":"2025-05-19T22:32:01","slug":"php-descomplicado-domine-a-linguagem-de-programacao-mais-poderosa-para-iniciantes","status":"publish","type":"product","link":"https:\/\/webmg.com.br\/editora\/produto\/php-descomplicado-domine-a-linguagem-de-programacao-mais-poderosa-para-iniciantes\/","title":{"rendered":"PHP Descomplicado"},"content":{"rendered":"<p>Aprenda PHP de maneira pr\u00e1tica e direta com o ebook <strong>PHP Descomplicado<\/strong> de <strong>Tobias Birro &#8211; Dulu<\/strong>. Atualizado, este guia em PDF traz tudo o que voc\u00ea precisa para entender e usar PHP em poucos passos \u2013 ideal para iniciantes que querem ir direto ao que importa.<\/p>\n<p>&nbsp;<\/p>\n<p><strong>Por que este livro \u00e9 a escolha certa?<\/strong><\/p>\n<p>&nbsp;<\/p>\n<p>Com uma linguagem simples e exemplos claros, voc\u00ea aprender\u00e1 do in\u00edcio at\u00e9 a cria\u00e7\u00e3o de vari\u00e1veis, uso de fun\u00e7\u00f5es e manipula\u00e7\u00e3o de dados. Ao final, voc\u00ea aplicar\u00e1 todo o conhecimento em um projeto pr\u00e1tico: <strong>um sistema de agenda de contatos<\/strong> com conex\u00e3o ao MySQL.<\/p>\n<p>&nbsp;<\/p>\n<p><strong>Aprenda e construa algo real<\/strong><\/p>\n<p>&nbsp;<\/p>\n<p>Esse projeto final \u00e9 uma forma de consolidar o aprendizado e criar uma aplica\u00e7\u00e3o funcional com PHP \u2013 um sistema que voc\u00ea realmente ver\u00e1 em a\u00e7\u00e3o.<\/p>\n<p>&nbsp;<\/p>\n<p>Comece a programar com confian\u00e7a e descomplique o PHP de uma vez por todas com o <strong>PHP Descomplicado<\/strong>!<\/p>\n<p>&nbsp;<\/p>\n<p>Autor: Tobias Birro \/ Dulu<\/p>\n<p>Ano de publica\u00e7\u00e3o: 2023<\/p>\n<p>Ano da edi\u00e7\u00e3o \/ revis\u00e3o: 2024<\/p>\n<p>Formato: ebook \/ PDF<\/p>\n<p>P\u00e1ginas: 112<\/p>\n","protected":false},"excerpt":{"rendered":"<p>Aprenda PHP de maneira pr\u00e1tica e direta com o ebook <strong>PHP Descomplicado<\/strong> de <strong>Tobias Birro &#8211; Dulu<\/strong>. Atualizado, este guia em PDF traz tudo o que voc\u00ea precisa para entender e usar PHP em poucos passos \u2013 ideal para iniciantes que querem ir direto ao que importa.<\/p>\n","protected":false},"featured_media":782,"template":"","meta":[],"product_cat":[26,28,27],"product_tag":[],"class_list":{"0":"post-481","1":"product","2":"type-product","3":"status-publish","4":"has-post-thumbnail","6":"product_cat-ebooks","7":"product_cat-php","8":"product_cat-programacao","10":"first","11":"instock","12":"sale","13":"downloadable","14":"virtual","15":"purchasable","16":"product-type-simple","17":"add-to-wishlist-after_add_to_cart"},"jetpack_sharing_enabled":true,"_links":{"self":[{"href":"https:\/\/webmg.com.br\/editora\/wp-json\/wp\/v2\/product\/481"}],"collection":[{"href":"https:\/\/webmg.com.br\/editora\/wp-json\/wp\/v2\/product"}],"about":[{"href":"https:\/\/webmg.com.br\/editora\/wp-json\/wp\/v2\/types\/product"}],"wp:featuredmedia":[{"embeddable":true,"href":"https:\/\/webmg.com.br\/editora\/wp-json\/wp\/v2\/media\/782"}],"wp:attachment":[{"href":"https:\/\/webmg.com.br\/editora\/wp-json\/wp\/v2\/media?parent=481"}],"wp:term":[{"taxonomy":"product_cat","embeddable":true,"href":"https:\/\/webmg.com.br\/editora\/wp-json\/wp\/v2\/product_cat?post=481"},{"taxonomy":"product_tag","embeddable":true,"href":"https:\/\/webmg.com.br\/editora\/wp-json\/wp\/v2\/product_tag?post=481"}],"curies":[{"name":"wp","href":"https:\/\/api.w.org\/{rel}","templated":true}]}}