{"id":680,"date":"2024-11-13T21:24:20","date_gmt":"2024-11-14T00:24:20","guid":{"rendered":"https:\/\/webmg.com.br\/editora\/?post_type=product&#038;p=680"},"modified":"2025-05-19T19:27:08","modified_gmt":"2025-05-19T22:27:08","slug":"desvendando-os-segredos-da-logica-de-programacao","status":"publish","type":"product","link":"https:\/\/webmg.com.br\/editora\/produto\/desvendando-os-segredos-da-logica-de-programacao\/","title":{"rendered":"L\u00f3gica de Programa\u00e7\u00e3o"},"content":{"rendered":"<p><strong>Descubra o Caminho R\u00e1pido e Eficaz para Dominar a Programa\u00e7\u00e3o!<\/strong><\/p>\n<p>Se voc\u00ea deseja aprender programa\u00e7\u00e3o de verdade e est\u00e1 buscando um guia completo que te conduza, passo a passo, dos fundamentos, ent\u00e3o este livro \u00e9 feito para voc\u00ea!<\/p>\n<p>Com um conte\u00fado desenhado para tornar o aprendizado da programa\u00e7\u00e3o acess\u00edvel, simples e direto, cada cap\u00edtulo revela os segredos e t\u00e9cnicas essenciais para desenvolver habilidades s\u00f3lidas e resolver problemas complexos de maneira estruturada.<\/p>\n<p>&nbsp;<\/p>\n<h3><\/h3>\n<h3><strong>Por que Este Livro \u00e9 o Seu Melhor Investimento em Programa\u00e7\u00e3o?<\/strong><\/h3>\n<p>&nbsp;<\/p>\n<p><strong>Metodologia Testada e Aprovada<\/strong><\/p>\n<p>Este livro vai direto ao ponto, com uma abordagem que descomplica a teoria e acelera o seu aprendizado. Cada conceito \u00e9 explicado de forma pr\u00e1tica, ideal para quem est\u00e1 come\u00e7ando ou quer aprimorar seus conhecimentos.<\/p>\n<p>&nbsp;<\/p>\n<p><strong>Conceitos Espec\u00edficos e Fundamentais<\/strong><\/p>\n<p>A l\u00f3gica de programa\u00e7\u00e3o, os algoritmos e as estruturas de controle s\u00e3o explicados de maneira que realmente fa\u00e7a sentido, ajudando voc\u00ea a pensar como um programador experiente desde o in\u00edcio.<\/p>\n<p>&nbsp;<\/p>\n<p><strong>Exemplos e Exerc\u00edcios Pr\u00e1ticos<\/strong><\/p>\n<p>Nada de conte\u00fado abstrato! Com este livro, voc\u00ea pratica o que aprende, com exerc\u00edcios que colocam \u00e0 prova suas habilidades e aumentam sua confian\u00e7a. Ao final de cada cap\u00edtulo, voc\u00ea saber\u00e1 exatamente como aplicar o que aprendeu.<\/p>\n<p>&nbsp;<\/p>\n<p><strong>Boas Pr\u00e1ticas para o Mercado<\/strong><\/p>\n<p>Aprender a programar \u00e9 mais do que s\u00f3 escrever c\u00f3digo; trata-se de escrever o c\u00f3digo certo, claro e organizado. Esse livro ensina t\u00e9cnicas que v\u00e3o al\u00e9m da programa\u00e7\u00e3o, mostrando boas pr\u00e1ticas que v\u00e3o te diferenciar no mercado.<\/p>\n<h3><\/h3>\n<h3><strong>Para Quem \u00e9 Este Livro?<\/strong><\/h3>\n<p>Esse guia \u00e9 perfeito para:<\/p>\n<ul>\n<li><strong>Iniciantes que querem uma base s\u00f3lida<\/strong> e segura para dominar o universo da programa\u00e7\u00e3o.<\/li>\n<li><strong>Programadores em busca de aprimoramento<\/strong>, que desejam melhorar suas pr\u00e1ticas e entender melhor os conceitos avan\u00e7ados.<\/li>\n<li><strong>Estudantes e profissionais<\/strong> que buscam excel\u00eancia na cria\u00e7\u00e3o de algoritmos e uma abordagem mais clara na resolu\u00e7\u00e3o de problemas.<\/li>\n<\/ul>\n<p>&nbsp;<\/p>\n<p>N\u00e3o perca a chance de elevar sua carreira e se destacar no mercado com um conhecimento que abre portas para oportunidades em desenvolvimento de software, cria\u00e7\u00e3o de algoritmos eficientes e dom\u00ednio das linguagens de programa\u00e7\u00e3o mais utilizadas.<\/p>\n<p>&nbsp;<\/p>\n<p>Adquira seu exemplar hoje e tenha nas m\u00e3os o melhor guia de l\u00f3gica e programa\u00e7\u00e3o, desenvolvido para transformar sua maneira de pensar e resolver problemas com efici\u00eancia. N\u00e3o deixe essa oportunidade escapar \u2013 comece a programar com confian\u00e7a e conquiste seu espa\u00e7o no universo da tecnologia!<\/p>\n<p>&nbsp;<\/p>\n<p>Autor: Tobias Birro \/ Dulu<\/p>\n<p>Ano de publica\u00e7\u00e3o: 2024<\/p>\n<p>Ano da edi\u00e7\u00e3o \/ revis\u00e3o: 2024<\/p>\n<p>Formato: ebook \/ PDF<\/p>\n<p>P\u00e1ginas: 55<\/p>\n","protected":false},"excerpt":{"rendered":"<p>Se voc\u00ea deseja aprender programa\u00e7\u00e3o de verdade e est\u00e1 buscando um guia completo que te conduza, passo a passo, dos fundamentos, ent\u00e3o este livro \u00e9 feito para voc\u00ea!<\/p>\n<p>Com um conte\u00fado desenhado para tornar o aprendizado da programa\u00e7\u00e3o acess\u00edvel, simples e direto, cada cap\u00edtulo revela os segredos e t\u00e9cnicas essenciais para desenvolver habilidades s\u00f3lidas e resolver problemas complexos de maneira estruturada.<\/p>\n","protected":false},"featured_media":773,"template":"","meta":[],"product_cat":[26,27],"product_tag":[],"class_list":{"0":"post-680","1":"product","2":"type-product","3":"status-publish","4":"has-post-thumbnail","6":"product_cat-ebooks","7":"product_cat-programacao","9":"first","10":"instock","11":"sale","12":"downloadable","13":"virtual","14":"purchasable","15":"product-type-simple","16":"add-to-wishlist-after_add_to_cart"},"jetpack_sharing_enabled":true,"_links":{"self":[{"href":"https:\/\/webmg.com.br\/editora\/wp-json\/wp\/v2\/product\/680"}],"collection":[{"href":"https:\/\/webmg.com.br\/editora\/wp-json\/wp\/v2\/product"}],"about":[{"href":"https:\/\/webmg.com.br\/editora\/wp-json\/wp\/v2\/types\/product"}],"wp:featuredmedia":[{"embeddable":true,"href":"https:\/\/webmg.com.br\/editora\/wp-json\/wp\/v2\/media\/773"}],"wp:attachment":[{"href":"https:\/\/webmg.com.br\/editora\/wp-json\/wp\/v2\/media?parent=680"}],"wp:term":[{"taxonomy":"product_cat","embeddable":true,"href":"https:\/\/webmg.com.br\/editora\/wp-json\/wp\/v2\/product_cat?post=680"},{"taxonomy":"product_tag","embeddable":true,"href":"https:\/\/webmg.com.br\/editora\/wp-json\/wp\/v2\/product_tag?post=680"}],"curies":[{"name":"wp","href":"https:\/\/api.w.org\/{rel}","templated":true}]}}